{"id":91,"date":"2025-11-09T19:08:46","date_gmt":"2025-11-09T18:08:46","guid":{"rendered":"https:\/\/savate-revocation.fr\/?page_id=91"},"modified":"2026-03-25T16:07:09","modified_gmt":"2026-03-25T15:07:09","slug":"accueil","status":"publish","type":"page","link":"https:\/\/savate-revocation.fr\/","title":{"rendered":"Accueil"},"content":{"rendered":"<p>[et_pb_section fb_built=\u00a0\u00bb1&Prime; admin_label=\u00a0\u00bbBlog\u00a0\u00bb _builder_version=\u00a0\u00bb4.16&Prime; background_color=\u00a0\u00bb#f4f4f4&Prime; global_colors_info=\u00a0\u00bb{}\u00a0\u00bb][et_pb_row _builder_version=\u00a0\u00bb4.27.4&Prime; _module_preset=\u00a0\u00bbdefault\u00a0\u00bb global_colors_info=\u00a0\u00bb{}\u00a0\u00bb][et_pb_column type=\u00a0\u00bb4_4&Prime; _builder_version=\u00a0\u00bb4.27.4&Prime; _module_preset=\u00a0\u00bbdefault\u00a0\u00bb global_colors_info=\u00a0\u00bb{}\u00a0\u00bb][et_pb_cta title=\u00a0\u00bbComment en sommes-nous arriv\u00e9s l\u00e0 ?\u00a0\u00bb button_text=\u00a0\u00bbClics\u00a0\u00bb _builder_version=\u00a0\u00bb4.27.4&Prime; _module_preset=\u00a0\u00bbdefault\u00a0\u00bb background_color=\u00a0\u00bbrgba(0,116,193,0.64)\u00a0\u00bb global_colors_info=\u00a0\u00bb{}\u00a0\u00bb]<\/p>\n<p style=\"text-align: left;\"><span style=\"font-weight: 400;\"><\/span><\/p>\n<p style=\"text-align: left;\"><span style=\"font-weight: 400;\">Le postulat ind\u00e9niable est que <span style=\"text-decoration: underline;\">plus de 70% des clubs votants souhaitaient un changement de gouvernance<\/span> de la F\u00e9d\u00e9ration Fran\u00e7aise de Savate.<\/span><\/p>\n<p style=\"text-align: left;\"><span style=\"font-weight: 400;\">La liste \u201cAmbitions pour la Savate\u201d a \u00e9t\u00e9 \u00e9lue dans son int\u00e9gralit\u00e9 en novembre 2024 ; aucun panachage parmi les 40 postulants aux si\u00e8ges du Comit\u00e9 Directeur F\u00e9d\u00e9ral.<br \/><\/span><span style=\"font-weight: 400;\">C\u2019est le r\u00e9sultat du vote d\u00e9mocratique, qui en dit long sur la confiance accord\u00e9e par les clubs aux anciens dirigeants, en place depuis plusieurs d\u00e9cennies pour certains.<\/span><\/p>\n<p style=\"text-align: left;\"><span style=\"font-weight: 400;\">C\u2019est l&rsquo;histoire d\u2019une liste qui s\u2019est constitu\u00e9e dans la pluralit\u00e9 avec pour objectif commun de <\/span><strong><i>rendre \u00e0 la Savate la place qu\u2019elle m\u00e9rite dans l\u2019univers des sports de combat<\/i><\/strong><span style=\"font-weight: 400;\"><strong>.<\/strong><br \/><\/span><span style=\"font-weight: 400;\">C\u2019\u00e9tait le <\/span><i><span style=\"font-weight: 400;\">leitmotiv <\/span><\/i><span style=\"font-weight: 400;\">unanime port\u00e9 par les membres de cette liste. Des membres qui &#8211; pour la plupart &#8211; ne se connaissaient pas vraiment, et qui ont su n\u00e9anmoins monter un programme et mener campagne face \u00e0 l&rsquo;\u00e9quipe en place.<\/span><\/p>\n<p style=\"text-align: left;\"><span style=\"font-weight: 400;\">C\u2019est l\u2019histoire d\u2019une liste dot\u00e9e d\u2019un programme viable, reposant principalement sur la <strong>transparence<\/strong>, la <strong>confiance<\/strong>, la <strong>consultation<\/strong> et la mise en lumi\u00e8re des <strong>athl\u00e8tes<\/strong> qui font la Savate.<br \/><\/span><span style=\"font-weight: 400;\">Un programme construit et consolid\u00e9 par une poign\u00e9e de membres <span style=\"text-decoration: underline;\">les plus actifs de ce collectif<\/span> ; des gens de terrain, d\u2019exp\u00e9rience, aid\u00e9s d\u2019une communication coh\u00e9rente et objective, pour f\u00e9d\u00e9rer le plus grand nombre.<\/span><span style=\"font-weight: 400;\"><br \/><\/span><span style=\"font-weight: 400;\"><\/span><\/p>\n<p style=\"text-align: left;\"><span style=\"font-weight: 400;\">Un programme et un travail qui, finalement, auront servi de <em>cheval de Troie<\/em> aux membres les moins productifs et\/ou peu enclin au travail d&rsquo;\u00e9quipe, se laissant aujourd&rsquo;hui porter par l&rsquo;autocratie d&rsquo;un bin\u00f4me en roue libre.<\/span><\/p>\n<p style=\"text-align: left;\"><span style=\"font-weight: 400;\">C\u2019est l\u2019histoire malheureuse d\u2019une <\/span><b>trahison morale<\/b><span style=\"font-weight: 400;\"> dont nous allons t\u00e9moigner des faits car il y a urgence \u00e0 raisonner cette gouvernance f\u00e9d\u00e9rale avant qu&rsquo;il ne soit trop tard. La <strong>moiti\u00e9 des membres<\/strong> constituant le comit\u00e9 directeur se sont d\u00e9sunis de la pr\u00e9sidence pour d\u00e9noncer une ing\u00e9rence notoire, \u00e0 tous les niveaux de gestion (ressources humaines, financi\u00e8re, comp\u00e9titions, administrative, etc&#8230;), faisant courir un risque crucial \u00e0 la F\u00e9d\u00e9ration et \u00e0 ses instances repr\u00e9sentatives, en France comme \u00e0 l&rsquo;\u00e9tranger.<\/span><\/p>\n<p style=\"text-align: center;\"><strong>Et c&rsquo;est aux clubs que revient le pouvoir de dire STOP !<\/strong><\/p>\n<p style=\"text-align: left;\"><span style=\"font-weight: 400;\">Force est de constater que les vecteurs de communication f\u00e9d\u00e9raux servent plus les int\u00e9r\u00eats de la (vice-)pr\u00e9sidence que ceux de nos disciplines, et qu&rsquo;il ne nous est pas permis d&rsquo;y exprimer notre voix contestataire, nous sommes contraints d&rsquo;utiliser la tribune libre de l&rsquo;internet et des r\u00e9seaux sociaux pour que lumi\u00e8re soit faite.<\/span><\/p>\n<p>[\/et_pb_cta][\/et_pb_column][\/et_pb_row][\/et_pb_section][et_pb_section fb_built=\u00a0\u00bb1&Prime; admin_label=\u00a0\u00bbBlog\u00a0\u00bb _builder_version=\u00a0\u00bb4.16&Prime; background_color=\u00a0\u00bb#f4f4f4&Prime; global_colors_info=\u00a0\u00bb{}\u00a0\u00bb][et_pb_row _builder_version=\u00a0\u00bb4.27.6&Prime; background_size=\u00a0\u00bbinitial\u00a0\u00bb background_position=\u00a0\u00bbtop_left\u00a0\u00bb background_repeat=\u00a0\u00bbrepeat\u00a0\u00bb hover_enabled=\u00a0\u00bb0&Prime; global_colors_info=\u00a0\u00bb{}\u00a0\u00bb sticky_enabled=\u00a0\u00bb0&Prime;][et_pb_column type=\u00a0\u00bb4_4&Prime; _builder_version=\u00a0\u00bb4.16&Prime; custom_padding=\u00a0\u00bb|||\u00a0\u00bb global_colors_info=\u00a0\u00bb{}\u00a0\u00bb custom_padding__hover=\u00a0\u00bb|||\u00a0\u00bb][et_pb_blog fullwidth=\u00a0\u00bboff\u00a0\u00bb include_categories=\u00a0\u00bb30&Prime; excerpt_length=\u00a0\u00bb150&Prime; show_more=\u00a0\u00bbon\u00a0\u00bb show_author=\u00a0\u00bboff\u00a0\u00bb show_date=\u00a0\u00bboff\u00a0\u00bb show_categories=\u00a0\u00bboff\u00a0\u00bb _builder_version=\u00a0\u00bb4.16&Prime; header_font=\u00a0\u00bbMontserrat||||\u00a0\u00bb header_line_height=\u00a0\u00bb1.3em\u00a0\u00bb body_font_size=\u00a0\u00bb16px\u00a0\u00bb body_line_height=\u00a0\u00bb1.9em\u00a0\u00bb meta_text_color=\u00a0\u00bbrgba(0,0,0,0.3)\u00a0\u00bb meta_font_size=\u00a0\u00bb16px\u00a0\u00bb text_orientation=\u00a0\u00bbleft\u00a0\u00bb animation_style=\u00a0\u00bbfold\u00a0\u00bb animation_direction=\u00a0\u00bbbottom\u00a0\u00bb animation_intensity_fold=\u00a0\u00bb1%\u00a0\u00bb hover_enabled=\u00a0\u00bb0&Prime; global_colors_info=\u00a0\u00bb{}\u00a0\u00bb sticky_enabled=\u00a0\u00bb0&Prime;][\/et_pb_blog][\/et_pb_column][\/et_pb_row][\/et_pb_section]<\/p>\n","protected":false},"excerpt":{"rendered":"<p>Le postulat ind\u00e9niable est que plus de 70% des clubs votants souhaitaient un changement de gouvernance de la F\u00e9d\u00e9ration Fran\u00e7aise de Savate. La liste \u201cAmbitions pour la Savate\u201d a \u00e9t\u00e9 \u00e9lue dans son int\u00e9gralit\u00e9 en novembre 2024 ; aucun panachage parmi les 40 postulants aux si\u00e8ges du Comit\u00e9 Directeur F\u00e9d\u00e9ral.C\u2019est le r\u00e9sultat du vote d\u00e9mocratique, [&hellip;]<\/p>\n","protected":false},"author":1,"featured_media":0,"parent":0,"menu_order":0,"comment_status":"closed","ping_status":"closed","template":"","meta":{"_et_pb_use_builder":"on","_et_pb_old_content":"","_et_gb_content_width":"","footnotes":""},"class_list":["post-91","page","type-page","status-publish","hentry"],"_links":{"self":[{"href":"https:\/\/savate-revocation.fr\/index.php?rest_route=\/wp\/v2\/pages\/91","targetHints":{"allow":["GET"]}}],"collection":[{"href":"https:\/\/savate-revocation.fr\/index.php?rest_route=\/wp\/v2\/pages"}],"about":[{"href":"https:\/\/savate-revocation.fr\/index.php?rest_route=\/wp\/v2\/types\/page"}],"author":[{"embeddable":true,"href":"https:\/\/savate-revocation.fr\/index.php?rest_route=\/wp\/v2\/users\/1"}],"replies":[{"embeddable":true,"href":"https:\/\/savate-revocation.fr\/index.php?rest_route=%2Fwp%2Fv2%2Fcomments&post=91"}],"version-history":[{"count":25,"href":"https:\/\/savate-revocation.fr\/index.php?rest_route=\/wp\/v2\/pages\/91\/revisions"}],"predecessor-version":[{"id":322,"href":"https:\/\/savate-revocation.fr\/index.php?rest_route=\/wp\/v2\/pages\/91\/revisions\/322"}],"wp:attachment":[{"href":"https:\/\/savate-revocation.fr\/index.php?rest_route=%2Fwp%2Fv2%2Fmedia&parent=91"}],"curies":[{"name":"wp","href":"https:\/\/api.w.org\/{rel}","templated":true}]}}